**2 - 3*s - 2. Let i be w(-1). What is the greatest common factor of i and 100?
20
Let t(a) = 3*a**2 - 2*a - 4. Let g be t(3). Suppose 25 = 4*o - 111. What is the greatest common divisor of g and o?
17
Let b = 0 - 13. Let g = -5 - b. What is the greatest common divisor of g and 80?
8
Suppose 6*j - 10*j = -560. What is the greatest common divisor of j and 28?
28
Let p = 12 - 10. Suppose p*h + 3*h = 75. What is the highest common factor of 60 and h?
15
Suppose 0 = -4*z + 3*z - 2. Let q be 2 + z/(-1) - -2. Let u be (-36)/((-1)/(-3) - 1). Calculate the highest common divisor of q and u.
6
Let a be (-6)/33 - (-4)/22. Suppose 4*m - 6*m - 2*l = -402, 2*m + 5*l - 411 = a. Suppose -3*x - 36 = -5*x. What is the greatest common factor of m and x?
18
Suppose -32 = g - 2*g. Suppose -2*l - 90 = -5*h + 3*l, 3*h + 5*l = 38. Calculate the highest common divisor of h and g.
16
Let u = 56 + -23. Let j(l) = 23*l**2 - l. Let d be j(1). Calculate the highest common factor of u and d.
11
Let z be 320/24*12/10. Calculate the greatest common factor of 64 and z.
16
Let h = 0 + 6. Let u(k) = 7 + 7*k**3 - 4*k - 6*k**3 + 5*k**2 - 3. Let q be u(-5). What is the greatest common divisor of q and h?
6
Suppose 3*a = -15 + 51. Let u(z) = -2*z. Let l be 8/(-6)*45/10. Let w be u(l). Calculate the highest common divisor of a and w.
12
Let m = 35 - 21. Let v be m/3*(-105)/(-14). What is the greatest common factor of 5 and v?
5
Let v(n) = -n**3 + n**2 + n + 1. Let z(m) = m**3 - 10*m**2 + m + 4. Let w(r) = -2*v(r) - z(r). Let o be w(-4). Calculate the highest common divisor of o and 14.
14
Suppose 4*z + 5*k = -55, -z + 4*z + 3*k = -42. Suppose -2*q - 2*q = 416. Let o be z/10*q/6. Calculate the greatest common factor of 13 and o.
13
Let g be ((-10)/30)/(1/(-9)). Suppose 40 + 20 = g*r. What is the greatest common divisor of r and 10?
10
Let c = 6 + -2. Suppose c*s + 108 = 4*x, -2*x - 5*s = 3 - 36. Let y(a) = -7*a + 25. Let d be y(-5). Calculate the highest common factor of x and d.
12
Let v(a) = a**2 + 4*a - 2. Let n be v(-5). Suppose -k - n = -18. What is the greatest common divisor of 15 and k?
15
Suppose -20 = 5*s - 7*s. Calculate the greatest common factor of s and 30.
10
Let p be -1*-42*(2 + -1)/1. Let d = -15 + 21. Calculate the highest common factor of p and d.
6
Let f = 14 + -11. Let a = 5 + f. What is the highest common divisor of a and 72?
8
Suppose 0 = 4*g - 0*g - 40. Suppose -2 = 4*s - g. Calculate the greatest common factor of 8 and s.
2
Suppose -2*m + 22 = 6. Let b be (-2)/(-11) + (-1950)/(-165). Calculate the highest common factor of b and m.
4
Suppose -38 = -2*m - 8. What is the highest common factor of 15 and m?
15
Let w = 156 + 108. Suppose 6*d - t = 2*d + w, -d + 61 = t. Let k(s) = s**2 + 3*s + 3. Let g be k(-5). What is the highest common divisor of d and g?
13
Suppose 71 - 23 = 3*r. Suppose 3*c + 44 + 25 = 0. Let t be 2 - 2 - -1 - c. Calculate the greatest common factor of r and t.
8
Suppose 4*k = 3*k + 5. Let v(t) = t**3 - 4*t**2 + 2. Let l be v(4). Suppose l*n + 0 = 5*g - 15, -2*g + n = -5. Calculate the greatest common factor of g and k.
5
Let w(m) = 3*m - 16. Let v be w(7). What is the highest common divisor of v and 55?
5
Let t = -4 + 9. Suppose t = 2*b - 3. Suppose 24 = -0*k + b*k. Calculate the greatest common factor of 9 and k.
3
Suppose 0 = 4*k + 5*f - 0*f - 100, -k + 4*f + 4 = 0. Let v = 30 + -18. Let g = k - v. Calculate the highest common factor of g and 16.
8
Suppose 0 = -0*s + 5*s. Suppose 4*m = -s*m - 8. Let i be 6/(-1)*13/m. Calculate the highest common divisor of i and 13.
13
Suppose -3*k + 12 = 0, -3*v + 3*k = -0*k - 39. Calculate the greatest common divisor of 136 and v.
17
Let k(a) = a**2 + 13*a + 3. Let z be k(-14). Calculate the highest common divisor of 136 and z.
17
Let t(b) = 4 + 2*b - 1 - b**2 + b. Let v be t(6). Let w = -9 - v. Calculate the highest common factor of 3 and w.
3
Let r be 872/32 - 3/(-4). Let g be ((-2)/(-3))/(1/315). Suppose x + g = 6*x. Calculate the greatest common divisor of x and r.
14
Let w(x) = -3*x**3 - 7*x**2 - 3*x + 6. Let d be w(-4). What is the greatest common factor of d and 14?
14
Let r be 38 - (-2)/(-1)*1. Suppose -r = -2*x + 2*t, -5*x - 4*t = -46 - 17. Let d(u) = 18*u**2 + 3. Let l be d(3). What is the greatest common factor of l and x?
15
Suppose 13 = 5*u - 67. Suppose 0*v + 5*v + 425 = 5*k, k - 100 = 4*v. Calculate the highest common divisor of k and u.
16
Suppose 13*k - 756 = 6*k. What is the greatest common factor of 12 and k?
12
Let h = 85 + -49. Let g(f) = -f**2 + 9*f + 12. Let o be g(9). Calculate the greatest common factor of o and h.
12
Let v be 3/6 - 18/(-4). Suppose -15 = -5*o - p, -3*o = v*p - 9 - 0. Suppose -18 = o*y - 5*y. What is the greatest common divisor of 99 and y?
9
Let j = 66 - 48. Let p be 0*(2/(-2) - -2). Suppose 3*i - 5*i + 24 = p. Calculate the greatest common divisor of i and j.
6
Let n(b) = 2*b - 5. Let x be n(5). Let k = 15 + -5. Let w be 36/k + 2/x. Calculate the highest common divisor of 2 and w.
2
Let n = -56 + 112. What is the highest common divisor of 140 and n?
28
Suppose -2*h - m + 271 = 4*m, h - 134 = -3*m. Let d = h + -65. Suppose 0 = -z - 2*z + d. Calculate the highest common divisor of 65 and z.
13
Suppose 0*i = -5*i + 20. Suppose j - 17 = 27. What is the greatest common factor of j and i?
4
Suppose -12 = -3*a + 12. Let g be 24 - 0/(1 - -2). Calculate the highest common factor of a and g.
8
Let k be (-1)/(2/8) - 0. Let g(h) = -h + 4. Let m be g(k). Let u(o) = -o**3 + 4*o**2 + 6*o + 3. Let w be u(5). Calculate the highest common factor of w and m.
8
Let m(b) = -b**3 - 12*b**2 + 7*b + 27. Let p be m(-13). What is the greatest common divisor of 35 and p?
35
Let o = -6 - -4. Let w be (-3)/o - 6/(-4). Suppose -3*d - 54 = -4*y - y, -w*d - 30 = -3*y. Calculate the greatest common divisor of y and 12.
12
Suppose 4*j - m = 64, 2*j + 2*m - 1 = 21. Suppose -4*f + j = -f. Let k be 432/42 + (-2)/7. Calculate the highest common divisor of f and k.
5
Suppose 4*u = 203 + 21. What is the greatest common divisor of u and 14?
14
Suppose -35 = -33*q + 28*q. Suppose -3*d + 184 = -9*t + 4*t, 2*d + 4*t = 130. Calculate the highest common factor of q and d.
7
Let j be (-1)/(1/3) + 21. Suppose 5*y = 4*y + j. What is the greatest common factor of 9 and y?
9
Suppose -3*h = -5 - 7. Let w = 38 + h. What is the greatest common divisor of w and 6?
6
Let z(o) = 2*o**2 - 18*o + 18. Let q be z(8). What is the greatest common divisor of 4 and q?
2
Let k = -5 - -6. Let v(p) = 5*p + 3*p**2 - p**3 - 2*p + 2*p**2 - k. Let x be v(5). What is the greatest common factor of x and 21?
7
Let x = 26 - 15. What is the greatest common factor of x and 1?
1
Suppose 9 + 3 = 3*h, l + 4*h = 35. Suppose -3*k + 38 = -l. What is the greatest common factor of k and 76?
19
Let t = -2 - -42. Suppose 4*k - 2*k = 42. Let h = 37 - k. Calculate the greatest common factor of h and t.
8
Suppose -43 + 3 = -4*m. Calculate the highest common divisor of m and 4.
2
Let g be (57/(-2))/((-18)/120). Let i = -1 - -20. Calculate the greatest common factor of i and g.
19
Suppose 0 = -2*c - 2 + 58. What is the highest common factor of c and 4?
4
Let i be 15*(4/3 - 1). Calculate the greatest common divisor of i and 40.
5
Suppose -4*b + 2 = -10. Let y be (b - 0)*7 - -1. Let f = -12 + y. What is the greatest common divisor of 30 and f?
10
Suppose -3 + 158 = 3*q - 4*r, -r + 220 = 5*q. Let m = 16 + 20. Suppose -2*u - 2*d = -m, -4*u - d = -41 - 31. Calculate the highest common divisor of q and u.
9
Suppose 7*a - 130 + 18 = 0. Let n(i) = -i**3 - 10*i**2 + 8*i - 9. Let u be n(-11). What is the greatest common divisor of u and a?
8
Suppose 10*r - 9*r = 18. Let c be (-4)/12 + (-28)/(-3). What is the greatest common divisor of c and r?
9
Let s(c) = -c**2 + 10*c + 15. Let a be s(11). Calculate the greatest common divisor of a and 4.
4
Suppose -j + 12 = 3*j. Let m = j - -13. Suppose 3*a = a + m. Calculate the greatest common factor of 12 and a.
4
Let s(r) = -r**2 - r + 8. Let x = 3 - 3. Let k be s(x). Calculate the highest common divisor of 20 and k.
4
Let i(g) = -2*g + 22. Let a be i(8). What is the greatest common divisor of 6 and a?
6
Let g = -29 + 129. What is the greatest common divisor of 25 and g?
25
Let m = 11 + -7. Let r(n) = -n**3 - 3*n**2 - n